 + -2120?
-11002
In base 9, what is -21570 + 50?
-21520
In base 15, what is 2 - -a3?
a5
In base 15, what is 1136 - -30?
1166
In base 11, what is -1a0 + -1052?
-1242
In base 7, what is 3460 + 4541?
11331
In base 14, what is 4a + -67a8?
-675c
In base 2, what is -1010100010010 + -1001?
-1010100011011
In base 2, what is 1000 - 101001010100011?
-101001010011011
In base 7, what is 11252 + -11?
11241
In base 8, what is 12 - 100676?
-100664
In base 13, what is -5445b + 1?
-5445a
In base 7, what is -1001100 - 0?
-1001100
In base 8, what is -1321 - 512?
-2033
In base 10, what is -3 - -389898?
389895
In base 8, what is -15 - -10066?
10051
In base 2, what is -110 + -1110000101?
-1110001011
In base 14, what is 30b - -716?
a23
In base 13, what is 392 - -5c9?
98b
In base 15, what is -1d27 + -4?
-1d2b
In base 13, what is 21 - 34171?
-34150
In base 11, what is -160a8a + -2?
-160a91
In base 12, what is -58 + a352?
a2b6
In base 4, what is -122 - 21111302?
-21112030
In base 7, what is -2 - -62252?
62250
In base 7, what is -40 - 3056?
-3126
In base 12, what is 32 - -1b9b?
2011
In base 11, what is 6523 + 21?
6544
In base 6, what is -23105243 - 4?
-23105251
In base 7, what is -122 + -65240?
-65362
In base 7, what is -64314 + 216?
-64065
In base 3, what is -101021 + 11011?
-20010
In base 6, what is -1 + -344421?
-344422
In base 15, what is 12e5a - -3?
12e5d
In base 3, what is 0 - -11001012012?
11001012012
In base 15, what is 10 - -d4e?
d5e
In base 7, what is -1066 - 31?
-1130
In base 9, what is 3 + -1670675?
-1670672
In base 3, what is -10212102020 - -11?
-10212102002
In base 6, what is -101 + -1202?
-1303
In base 13, what is -21 - 3738?
-3759
In base 15, what is -26 + 151?
12a
In base 3, what is 100 - 201022000?
-201021200
In base 6, what is -31 + -3004250?
-3004321
In base 16, what is 2 + -fa1?
-f9f
In base 3, what is -120101021 - -2?
-120101012
In base 11, what is -315 - 4852?
-5067
In base 5, what is 2011 - -1144?
3210
In base 8, what is -1131637 + -2?
-1131641
In base 6, what is 0 - -152302?
152302
In base 8, what is 0 - 37076?
-37076
In base 3, what is -12 + -212211022?
-212211111
In base 16, what is 1 - 169e?
-169d
In base 14, what is -20 - bc9d?
-bcbd
In base 7, what is 13 + -5615?
-5602
In base 12, what is 250169 + 4?
250171
In base 11, what is -4 + -199a75?
-199a79
In base 6, what is 23523 - 20?
23503
In base 15, what is 156 - 1d6?
-80
In base 8, what is -1 - 3210?
-3211
In base 4, what is -120 - -132202112?
132201332
In base 12, what is 25a5 + -38?
2569
In base 5, what is -4 - 1230430?
-1230434
In base 16, what is 0 - -8580?
8580
In base 6, what is -44155353 + 4?
-44155345
In base 2, what is -101110011100001111 - 101?
-101110011100010100
In base 9, what is 11 + -6014?
-6003
In base 2, what is -1 + 10011110011101001000?
10011110011101000111
In base 16, what is 1b30 - -2?
1b32
In base 7, what is 62 + 6056?
6151
In base 14, what is 270a3 - -4?
270a7
In base 12, what is -41 + -2?
-43
In base 14, what is -18 + 2d8?
2c0
In base 5, what is 1014240 - -111?
1014401
In base 3, what is 10022 + -211211021?
-211200222
In base 5, what is 34 + 2404313?
2404402
In base 12, what is -2 - -3778?
3776
In base 15, what is -1b077a - 0?
-1b077a
In base 12, what is a96b - 2?
a969
In base 9, what is -3 - 20064?
-20067
In base 16, what is -16b191 + 5?
-16b18c
In base 12, what is -38a + -434?
-802
In base 15, what is 4e31 + -26?
4e0a
In base 13, what is -1 + -409?
-40a
In base 8, what is 1725 - 11?
1714
In base 5, what is 310100243 - 2?
310100241
In base 15, what is 3e036 - -4?
3e03a
In base 13, what is 1 + 24a19?
24a1a
In base 14, what is 64d37 - -9?
64d42
In base 5, what is 14322 - -1310?
21132
In base 11, what is 274290 - 3?
274288
In base 14, what is -1a4 - cb9?
-107d
In base 12, what is b619 + 14?
b631
In base 12, what is -55b + 1120?
781
In base 14, what is -558c - -3a?
-5552
In base 7, what is -3 - 51563?
-51566
In base 16, what is 178b3 + -12?
178a1
In base 9, what is -5 + 14462?
14456
In base 12, what is -53a18 - 33?
-53a4b
In base 15, what is 4 - -a4ed?
a502
In base 11, what is -345 - -174?
-181
In base 16, what is -d8cad + 3?
-d8caa
In base 5, what is -143442143 - 10?
-143442203
In base 13, what is -4 - 47492?
-47496
In base 11, what is 36 - -1290?
1316
In base 11, what is -1 + 1a17a5?
1a17a4
In base 13, what is -4 - -13162?
1315b
In base 8, what is 1337 + 71?
1430
In base 10, what is -1 - -20951?
20950
In base 15, what is 4 + 26393?
26397
In base 9, what is 0 + -43437?
-43437
In base 12, what is -70 - 513?
-583
In base 14, what is 329701 - 0?
329701
In base 2, what is -10001011 + -10110010?
-100111101
In base 10, what is -253 - -9?
-244
In base 16, what is -f22 - 66?
-f88
In base 2, what is -10000110001011110010 + 1?
-10000110001011110001
In base 8, what is -375601 + -3?
-375604
In base 10, what is -84319 - -8?
-84311
In base 6, what is 35 - -1145?
1224
In base 7, what is -3 + 1330456?
1330453
In base 4, what is 1303 - 133102?
-131133
In base 15, what is 4 + -e9a6c?
-e9a68
In base 10, what is -3 - 275974?
-275977
In base 10, what is 52 + 744?
796
In base 2, what is -11010110010 + -110100011?
-100001010101
In base 14, what is 130 + 29d5?
2b25
In base 8, what is 3 + 1451057?
1451062
In base 7, what is -12461 - 616?
-13410
In base 2, what is -1100010010 - 100101001?
-10000111011
In base 9, what is 14 - -353566?
353581
In base 15, what is 85 + -415d?
-40c8
In base 10, what is 4600 + 101?
4701
In base 2, what is -100 + -110010101001111?
-110010101010011
In base 9, what is 56 - 22?
34
In base 7, what is -14334214 + 2?
-14334212
In base 12, what is -7474b + 11?
-7473a
In base 4, what is -1 - -2322202?
2322201
In base 8, what is 703533 + 3?
703536
In base 4, what is 11 - 22212010?
-22211333
In base 16, what is 6f7 + -c?
6eb
In base 13, what is -36 - -305a?
3024
In base 9, what is -3048 - 205?
-3254
In base 6, what is -2415 - -131?
-2244
In base 7, what is -214363 + -1?
-214364
In base 4, what is 11 + 130100130?
130100201
In base 13, what is -1793b + -5?
-17943
In base 3, what is 211 + -1111122112?
-1111121201
In base 4, what is -1 - -2101201?
2101200
In base 14, what is -13 - 884?
-897
In base 10, what is -1 + 13917?
13916
In base 5, what is 12003 + -120222?
-103214
In base 12, what is 508 - -24?
530
In base 2, what is -101000100 - 11000010?
-1000000110
In base 11, what is -245 - a5?
-33a
In base 8, what is 34 - -427605?
427641
In base 16, what is d - -10fa6?
10fb3
In base 7, what is -1263 + -3355?
-4651
In base 9, what is 1 + -74286?
-74285
In base 15, what is -8 + -21cb4?
-21cbc
In base 15, what is 4 - 1278?
-1274
In base 3, what is 1210010 - -2111021?
11021101
In base 13, what is -46b8c + 5?
-46b87
In base 6, what is -41251 + 2300?
-34551
In base 13, what is 146b7a + -5?
146b75
In base 4, what is 10313 - -1312?
12231
In base 5, what is 1132432 - -204?
1133141
In base 9, what is 32786 + 3?
32800
In base 9, what is -303 + 180?
-113
In base 10, what is -25672 + 2?
-25670
In base 6, what is -2 - -1235115?
1235113
In base 12, what is 86a + -133?
737
In base 6, what is 14 - -131210?
131224
In base 14, what is -31 + 20c?
1bb
In base 8, what is 220 - -636?
1056
In base 12, what is -19ab + -17?
-1a06
In base 4, what is 31 + 30220?
30311
In base 10, what is -1392 - -33?
-1359
In base 8, what is -46 + -1237?
-1305
In base 11, what is -68 + 305?
248
In base 11, what is -5 - -65aa?
65a5
In base 5, what is -100400331 + -4?
-100400340
In base 14, what is 589b - -10?
58ab
In base 12, what is 3b7 - -82?
479
In base 14, what is 7b4d + -9?
7b44
In base 6, what is -21 - -30050?
30025
In base 7, what is 156316 - 2?
156314
In base 4, what is -12223 + -13?
-12302
In base 14, what is -5 - 1095?
-109a
In base 4, what is 333232101 - -11?
333232112
In base 5, what is -230402 - -34?
-230313
In base 3, what is -10 + -21212122020?
-21212122100
In base 11, what is 27a9 + 22?
2820
In base 7, what is -52523 - 604?
-53430
In base 7, what is 24110 - -336?
24446
In base 5, what is -2 - -41413?
41411
In base 13, what is -241 + 8ab?
66a
In base 16, what is 4b55f + 1?
4b560
In base 16, what is -41c43 - 2?
-41c45
In base 9, what is -234 - -122?
-112
In base 2, what is 10001 + 1000110010001?
1000110100010
In base 7, what is 66306 + 166?
66505
In base 6, what is -113201424 - 4?
-113201432
In base 7, what is 212 